15))/(10/z). Let d(c) = p*c - 18 + 37 - 18 - 5*c. Calculate d(6).
-11
Let t(w) = -7*w - 10. Suppose -10 = 15*h - 20*h. Let v(x) = 3*x + 5. Let u(m) = h*t(m) + 5*v(m). Suppose 2*y + 3*j + 25 = 0, j - 30 = 5*y + 2*j. Give u(y).
0
Let s(a) be the third derivative of -a**6/120 + 4*a**5/15 - a**4/24 + 5*a**3/2 - 28769*a**2. Let w be ((-48)/9)/(1/(-3)). What is s(w)?
-1
Let u(w) = 62*w**3 + 2*w**2 - 1. Let b = 13717 + -13716. Calculate u(b).
63
Let x(b) = 83*b**2 + 30*b - 127. Let d(q) = 52*q**2 + 20*q - 85. Let a(i) = 8*d(i) - 5*x(i). What is a(-14)?
11
Let m(d) = 29*d + 462. Let t(s) = -23*s - 461. Let i(w) = 6*m(w) + 5*t(w). Give i(-8).
-5
Let s(p) = p**2 + p - 2. Suppose 248 = -2*j + i, -51 = -5*j + 2*i - 673. Let k = j - -144. Suppose -11*y - k = -2*y. Determine s(y).
0
Let k(y) be the first derivative of -y**4/4 - 28*y**3/3 - 13*y**2 + 27*y + 142. What is k(-27)?
0
Let h(t) = -t + 1. Suppose 19*i = 6*i + 65. Suppose -2*x - 3*x + i = 0. Let p be (x/(-2))/(17/(-136)). Give h(p).
-3
Let g(a) = a**2 + 6*a - 8. Suppose -n - 2*n = 15. Let d(r) = 17 + 8*r**2 + 10*r - 3*r**2 - 4*r**2. Let w be d(n). Determine g(w).
8
Let t(z) be the third derivative of z**5/12 + 3*z**4/8 + z**3/6 - 213*z**2. Calculate t(-3).
19
Suppose 0 = 2*z - 4*y - 18, -28 = -4*z + 32*y - 28*y. Let c(g) = 2*g**2 - 4*g + 10. Give c(z).
40
Let w(u) = -29 + 8*u + 69 - 4*u - 49 - 25. Give w(-11).
-78
Let q(x) be the second derivative of x**5/20 - x**3/6 - 3*x**2/2 - 1629*x. Determine q(0).
-3
Suppose -154 = 2*j - 4*j. Let h(d) = j + d - 33 - 41 + d. Let y be 12/10*10/3. Give h(y).
11
Let u(i) be the first derivative of 1/4*i**4 + 34 + 2*i**3 - 3*i**2 + 2*i. Suppose -6*c - 28 = -2*c. Calculate u(c).
-5
Let d(o) be the second derivative of -o**3/6 + 6*o**2 - 18016*o + 2. Suppose -5*a - 19 = v, -2*v + 0*v + 5*a = -7. Let m = 13 + v. Calculate d(m).
3
Let w(x) = x**3 - 6*x**2 + 8*x - 7. Let u(j) = 3*j**3 - 16*j**2 + 23*j - 21. Suppose 0 = -18*f + 7*f + 77. Let i(y) = f*w(y) - 2*u(y). Calculate i(9).
2
Let z(r) = -5 - 468*r**3 + 5*r + 6 + 22*r - 51*r**2 + 466*r**3 + 40. What is z(-26)?
15
Let q(p) be the third derivative of -p**6/120 + p**5/6 + p**4/2 - 2*p**3/3 + 22*p**2. Give q(11).
7
Let j(w) = -7*w**2 + 13*w. Let i be (-315 - -314) + (2 - -1). What is j(i)?
-2
Let r(q) = 2290*q - 13740. Let o be r(6). Let j(g) = -87*g - 4. What is j(o)?
-4
Let c(i) be the first derivative of 7*i**2/2 + 26*i - 1371. Give c(-10).
-44
Let x(o) = -9*o**3 + 10*o - 8. Let n = -9042 - -9043. What is x(n)?
-7
Let o(l) = l**3 + 12*l**2 + 9*l - 10. Let c(y) be the second derivative of y**5/20 + 5*y**4/3 - 25*y**3/6 - 95*y**2/2 - 23*y. Let p be c(-21). Calculate o(p).
12
Suppose 0 = i + 5*q - 34, 463*q - 467*q = -16. Let h(d) = -d**3 + 13*d**2 + 10*d + 65. Calculate h(i).
9
Suppose -2*d = k + 71, 2*k - 5*k - 175 = 5*d. Let f = d - -41. Suppose 2*v + 4*z + 12 = 0, -4*z - 3 = -f*v - 11. Let c(j) = -4*j + 2. Give c(v).
18
Let q(n) be the first derivative of -19*n**2/2 + 4*n - 7115. What is q(-2)?
42
Let g(h) be the first derivative of -h**2/2 - 13*h + 4972. Give g(-24).
11
Let u(l) be the third derivative of -l**5/60 + 5*l**4/24 + l**3/3 - 25*l**2. Let w be u(5). Let p(j) = -j**2 + 0*j**w - j - 784 + 785. Give p(-3).
-5
Let m(i) = -6*i**2 + 9*i + 9. Let x(n) = n**3 - 23*n**2 + 78*n - 39. Let w be x(19). Give m(w).
-6
Let a(l) = l**2 + 3*l + 2. Let p be (-1)/((-5)/(-334))*200/(-80). Let n = 163 - p. Calculate a(n).
6
Let g(h) = h**2 + 0*h - 1 - 9*h + 5*h. Let s(p) be the third derivative of p**5/60 - 5*p**4/8 + 14*p**3/3 - 29*p**2. Let b be s(13). Determine g(b).
-5
Let g = 448 - 440. Let q(h) = -5*h + 4. Calculate q(g).
-36
Let o(j) = j**3 - 7*j**2 + 6. Suppose 3*d - 1 = 11, -5*c - d = -39. Let q be o(c). Let f be ((-24)/15)/(q/(-30)). Let l(y) = -y + 5. Calculate l(f).
-3
Suppose z = -2*v + 7, -3*z - 5*v = -2*z - 16. Let o(n) = -3*n**2 - 21*n + 12*n + 4*n**2 + 8*n + 1 + 0*n. Give o(z).
1
Let v(b) be the second derivative of b**4/12 - 4*b**3/3 + 5*b**2/2 + 4*b. Suppose 197*z = 179*z + 126. What is v(z)?
-2
Let v(d) = -4*d - d - 11*d**2 + 2875 - 2873 + 10*d**2. Suppose 4*y = 4*n + y - 2, -8 = -2*n - 2*y. Suppose 0 = -n*x - 15 + 3. What is v(x)?
-4
Let b(y) be the second derivative of -7/2*y**2 + 0 - 1/60*y**5 + 7/6*y**3 + 5/24*y**4 - y. Let k(q) be the first derivative of b(q). Give k(5).
7
Let h(g) be the second derivative of -g**4/12 - 3*g**3 - 23*g**2 + 8*g - 3. Let p be h(-14). Let s(z) = z**3 - 11*z**2 + 11*z. What is s(p)?
10
Let u(o) = -o**3 + 15*o**2 + 33*o + 6. Suppose -303 = -72*f + 921. Give u(f).
-11
Let l(w) = -57*w + 286. Let d be l(5). Let c(a) = 2*a + 2. What is c(d)?
4
Let u(f) = 19*f**3 - 19*f**2 + f + 4. Let t(b) = 43*b**3 - 41*b**2 + 3*b + 10. Let l(m) = 4*t(m) - 9*u(m). Let x = -13 - -34. Let v = 15 - x. Determine l(v).
22
Let w(a) = -10*a**2 + 38 + 3*a + a**3 - 2*a - 25. Let v(h) = -h**3 - 5*h**2 - h + 5. Let f be v(-5). Calculate w(f).
23
Let n(u) = -92*u + 159. Let f(y) = 43*y - 79. Let s(v) = 13*f(v) + 6*n(v). Give s(10).
-3
Let k(p) = 6*p + 17. Let m(d) = 3*d + 9. Let g(v) = -3*k(v) + 5*m(v). Suppose 5*f + 142*b = 137*b, -5*f - 2*b - 15 = 0. Give g(f).
9
Let a be (-2 + 6)*(2 - 5)/(6/4). Let j(l) = -l**3 - 9*l**2 - l + 40. Calculate j(a).
-16
Let c(q) be the second derivative of q**5/20 - 13*q**4/12 + 2*q**3 + 6*q**2 + 319*q + 1. Calculate c(12).
12
Let i be (-65 + 65)/(2/3*(-6)/4). Let f(h) be the first derivative of h**2/2 - 2*h + 1. Calculate f(i).
-2
Let m(n) be the third derivative of -5*n**4/12 - 47*n**3/6 + 7*n**2 - 16. Calculate m(-4).
-7
Let q(u) = u**3 - 7*u**2 - 8*u + 13. Let i(h) = -h**3 + 2540*h**2 - 2532*h**2 + 7*h - 13 + 0*h**3. Let k(m) = -3*i(m) - 2*q(m). Calculate k(10).
-37
Let v(s) = -5*s**2 - 25*s - 24. Let d be v(-1). Let w(r) = 3*r**2 + 9*r - 5. Calculate w(d).
7
Suppose 24*j - 45*j = -26*j + 40. Let q(v) = 2*v**2 - 24*v + 1. Let r(b) = -2*b. Let d(y) = -q(y) + 6*r(y). Give d(j).
-33
Let a be 1*(6 - (4 + -3)). Let z = a + 6. Suppose 56 = -3*v + z*v. Let w(i) = i**3 - 7*i**2 + i - 8. Give w(v).
-1
Let p(m) = 5*m + 16 + 6 + 18*m - 26*m - 2*m**2. Give p(3).
-5
Let c(u) = -9*u**2. Suppose 4*i = r + 16, -4*r = r - 4*i. Let f be 10/r*12/15. Suppose -3*w + 8 = 5*z - 3, -3*w + 4 = -f*z. What is c(z)?
-9
Suppose -3*j - 3 = -4*g + 7, -3*j - 5*g + 26 = 0. Suppose -6*y = -0*y - 144. Let f(r) = j + y*r - 44*r + 19*r. Calculate f(-7).
9
Let u(a) = a**2 - 10*a - 17. Let k be 3*(122 + 8 + -2). Suppose 12*v + 20*v - k = 0. Give u(v).
7
Let z(a) = a**3 - 8*a**2 + 3981 + a**3 - 3*a**3 - 3973 + 21*a. What is z(-10)?
-2
Let i(u) be the first derivative of 1/2*u**2 + 4 - 6*u. Let w = -210 + 216. Calculate i(w).
0
Let d(r) = 10*r**3 + 7*r**2 - 5*r - 2. Let z(w) = 22*w**3 + 17*w**2 - 11*w - 4. Let g(s) = 7*d(s) - 3*z(s). What is g(-2)?
-38
Let h(d) be the first derivative of -d**2/2 - d - 112. Let w = -15 + 28. Suppose -w = k + 4*q, q = k - 2*q - 1. Determine h(k).
4
Let m(i) = 7*i + 14. Let y(j) = 161*j - 970. Let c be y(6). Calculate m(c).
-14
Let u(t) be the third derivative of t**5/12 - t**4/6 + t**3/3 + 41672*t**2. Suppose 2*k = -4*m + 16, 4*k - 3*m = -k + 1. Give u(k).
14
Suppose 0*g + 27 = -4*g + 3*d, g - 5*d + 11 = 0. Let y be (7/(-21))/(2/(2*g)). Suppose y*w - 6*w = 0. Let b(u) = -u + 7. What is b(w)?
7
Let i(g) = -6*g + 24. Let u(t) = -25*t + 79. Let o be u(3). Let z be i(o). Let h(k) = 3*k - 4 - 2*k + 0*k. Determine h(z).
-4
Let v = 159 - 151. Let m(c) = 2*c**2 - 3*c + 2. Let b(t) = -6*t**2 + 8*t - 4. Let r(g) = v*m(g) + 3*b(g). Determine r(3).
-14
Let d(c) = c**2 + c + 7. Let w(x) = -8 - 16 + 12 - 16 + 4*x. Let s be w(7). Calculate d(s).
7
Let s(d) = -d**3 - 2*d - 6. Let m(w) = -11*w + 28 - w**3 - 7*w**2 - 20*w - 24*w - 32*w**2 + 9*w**2. Let i be m(-28). Determine s(i).
-6
Let k(y) = y**3 + 6*y**2 + 4*y - 6. Suppose 30*m - 4*m - 1950 = 0. Suppose -9*q - 6*q = m. Determine k(q).
-1
Let f(v) = 16*v**2 - 9*v**2 - 8*v**2 + 2 + v + 4*v. Suppose -15 = -4*k + w, 40*w - 15 = -3*k + 37*w. Calculate f(k).
6
Let o(l) = 34488 + l + 2*l - l - l - 34490. Let c(f) = -4*f**3 + 2*f - 1. Suppose 6 = 2*u + 2*x, -5*x + 9 = -4*u + 3. Let w be c(u). Determine o(w).
-5
Let n(l) = l**3 + 3*l**2 - l - 2. Let x be n(-3). Let s(v) be the third derivative of v**5/6 + v**3/6 + 240*v**2 - 5*v. What is s(x)?